
Is 1537507 a composite number?
True
Is 2845 a composite number?
True
Is 172537 prime?
False
Is 69302 a composite number?
True
Is 20039 prime?
False
Is 47935 a composite number?
True
Is 5297 composite?
False
Is 557303 a prime number?
True
Is 16217 prime?
True
Is 22549 a composite number?
False
Is 79103 composite?
False
Is 2609 a composite number?
False
Is 90941 composite?
True
Is 144511 composite?
False
Is 180749 prime?
True
Is 17183 a prime number?
True
Is 6914 prime?
False
Is 20323 a prime number?
True
Is 251081 composite?
False
Is 1793203 prime?
True
Is 39407 prime?
False
Is 303089 a composite number?
False
Is 33827 composite?
False
Is 638149 prime?
False
Is 480979 a prime number?
True
Is 20299 composite?
True
Is 72461 a prime number?
True
Is 38431 a prime number?
True
Is 3917669 composite?
True
Is 18082 prime?
False
Is 44494 a composite number?
True
Is 56755 prime?
False
Is 346169 a composite number?
False
Is 2153 composite?
False
Is 345109 a composite number?
False
Is 156467 prime?
True
Is 9991 a prime number?
False
Is 160618 prime?
False
Is 168409 prime?
True
Is 22583 a prime number?
False
Is 64231 a composite number?
False
Is 86911 prime?
False
Is 11089 a prime number?
False
Is 249035 composite?
True
Is 45707 a composite number?
False
Is 13379 a prime number?
False
Is 592531 a prime number?
True
Is 516757 a prime number?
True
Is 3989 composite?
False
Is 1745621 prime?
True
Is 458377 a composite number?
False
Is 6389 a prime number?
True
Is 5021 a composite number?
False
Is 4183 composite?
True
Is 19846 a composite number?
True
Is 6995 a composite number?
True
Is 5190911 a prime number?
False
Is 33659 prime?
False
Is 4037 prime?
False
Is 20779 prime?
False
Is 26735 a composite number?
True
Is 92891 a composite number?
True
Is 650423 a composite number?
True
Is 1561 a composite number?
True
Is 6457 prime?
False
Is 6469 prime?
True
Is 1002923 a prime number?
False
Is 9413 a composite number?
False
Is 810649 prime?
False
Is 770171 a prime number?
False
Is 55579 a composite number?
False
Is 537905 prime?
False
Is 79757 a prime number?
True
Is 486773 composite?
True
Is 3127 prime?
False
Is 715931 composite?
True
Is 22805 a prime number?
False
Is 17279 a composite number?
True
Is 103363 a composite number?
True
Is 34795 composite?
True
Is 2231 a composite number?
True
Is 3011 a composite number?
False
Is 67843 a composite number?
False
Is 96865 prime?
False
Is 3571 a composite number?
False
Is 635179 a prime number?
False
Is 401009 composite?
True
Is 25337 a prime number?
False
Is 18119 a composite number?
False
Is 184487 a composite number?
False
Is 335081 a composite number?
False
Is 199949 a composite number?
True
Is 16503 prime?
False
Is 461657 a composite number?
True
Is 8098 prime?
False
Is 3359 composite?
False
Is 1152871 composite?
True
Is 803623 composite?
False
Is 4247 a prime number?
False
Is 173491 a prime number?
True
Is 128657 a prime number?
True
Is 372241 composite?
False
Is 166597 prime?
True
Is 79817 a prime number?
True
Is 65761 a prime number?
True
Is 37119 composite?
True
Is 541 composite?
False
Is 100733 prime?
True
Is 108109 prime?
True
Is 384379 a prime number?
False
Is 8497 composite?
True
Is 39361 a prime number?
False
Is 462221 a prime number?
True
Is 183695 a prime number?
False
Is 754237 composite?
True
Is 60859 prime?
True
Is 73819 prime?
True
Is 439 a prime number?
True
Is 9599 a prime number?
False
Is 192298 composite?
True
Is 6173 a prime number?
True
Is 23299 a prime number?
False
Is 39853 a prime number?
False
Is 88073 a composite number?
True
Is 5431 a prime number?
True
Is 725761 a composite number?
True
Is 2781411 prime?
False
Is 4043 a prime number?
False
Is 13042 prime?
False
Is 69518 prime?
False
Is 6975581 composite?
False
Is 511991 prime?
True
Is 152121 composite?
True
Is 12271 prime?
False
Is 2025193 prime?
False
Is 5024039 a composite number?
False
Is 115953 a prime number?
False
Is 271621 a prime number?
False
Is 2152951 composite?
True
Is 43729 a composite number?
True
Is 426611 a composite number?
False
Is 195023 a prime number?
True
Is 246953 a prime number?
False
Is 32051 prime?
True
Is 14041 a prime number?
False
Is 13397 composite?
False
Is 15389 prime?
False
Is 317209 a composite number?
False
Is 15959 a composite number?
False
Is 107303 a composite number?
True
Is 120281 a prime number?
False
Is 1623 prime?
False
Is 178477 prime?
False
Is 50981 a prime number?
False
Is 808903 prime?
False
Is 18059 a prime number?
True
Is 457799 a prime number?
True
Is 1536883 prime?
False
Is 278029 composite?
False
Is 943073 a prime number?
True
Is 517811 a prime number?
False
Is 46229 a composite number?
False
Is 3992573 composite?
True
Is 8689 composite?
False
Is 14143 composite?
False
Is 241297 a prime number?
False
Is 882767 a composite number?
True
Is 67793 a prime number?
False
Is 27823 composite?
False
Is 85991 a composite number?
False
Is 17291 a prime number?
True
Is 1265813 a composite number?
False
Is 236867 a prime number?
True
Is 84529 a prime number?
False
Is 655807 composite?
False
Is 84629 composite?
False
Is 12581 a prime number?
False
Is 253309 a prime number?
False
Is 2024063 a prime number?
True
Is 597 a prime number?
False
Is 177673 composite?
True
Is 1901 a prime number?
True
Is 170423 composite?
True
Is 63695 a prime number?
False
Is 55969 a composite number?
True
Is 7499 prime?
True
Is 761561 prime?
True
Is 65414 a composite number?
True
Is 81521 composite?
True
Is 14611 a prime number?
False
Is 18007 composite?
True
Is 733741 composite?
False
Is 23559 a prime number?
False
Is 632209 prime?
True
Is 814447 composite?
False
Is 5729 prime?
False
Is 12185 prime?
False
Is 297953 prime?
True
Is 1909707 prime?
False
Is 610439 a prime number?
True
Is 18269 a composite number?
False
Is 556511 a composite number?
True
Is 13261 a prime number?
False
Is 49991 composite?
False
Is 17837 a prime number?
True
Is 259241 prime?
False
Is 26759 a prime number?
True
Is 441897 a prime number?
False
Is 142469 prime?
True
Is 3612341 prime?
True
Is 8803 a prime number?
True
Is 240923 a prime number?
False
Is 414905 composite?
True
Is 34379 a composite number?
True
Is 87729 composite?
True
Is 3309 a composite number?
True
Is 6189 a prime number?
False
Is 9491 composite?
False
Is 14141 a prime number?
False
Is 13537 prime?
True
Is 757039 composite?
False
Is 47837 composite?
False
Is 81839 composite?
False
Is 14483 prime?
False
Is 89941 prime?
False
Is 2357 prime?
True
Is 2603 prime?
False
Is 1613279 composite?
False
Is 202227 a prime number?
False
Is 1673371 prime?
False
Is 84499 a composite number?
False
Is 10247 composite?
False
Is 412645 a prime number?
False
Is 35363 a prime number?
True
Is 16469 composite?
True
Is 1615477 a composite number?
False
Is 181783 prime?
False
Is 2203 a composite number?
False
Is 77635 composite?
True
Is 6457 a prime number?
False
Is 10783 composite?
True
Is 11743 prime?
True
Is 1132199 prime?
True
Is 315313 a prime number?
True
Is 12531 composite?
True
Is 1035695 a composite number?
True
Is 38414 composite?
True
Is 374287 a composite number?
False
Is 45163 a prime number?
False
Is 245397 a composite number?
True
Is 112843 composite?
False
Is 103 a prime number?
True
Is 1651823 a prime number?
False
Is 22541 a prime number?
True
Is 1356179 a composite number?
True
Is 156887 composite?
False
Is 2964839 prime?
True
Is 165287 composite?
False
Is 4331 a composite number?
True
Is 531313 composite?
True
Is 15019 a prime number?
False
Is 20138 prime?
False
Is 953333 composite?
False
Is 679 a composite number?
True
Is 7349 composite?
False
Is 42583 a prime number?
False
Is 38903 prime?
True
Is 19267 a prime number?
True
Is 23233 a prime number?
False
Is 26339 a prime number?
True
Is 2119 prime?
False
Is 122131 prime?
True
Is 130323 composite?
True
Is 52613 prime?
False
Is 4049 a composite number?
False
Is 4267 a composite number?
True
Is 2237 prime?
True
Is 5701 composite?
False
Is 14647 a prime number?
False
Is 787 a prime number?
True
Is 435179 composite?
False
Is 57173 a prime number?
True
Is 191093 composite?
True
Is 34897 composite?
False
Is 9133 composite?
False
Is 13558 a composite number?
True
Is 363799 a prime number?
True
Is 579487 a composite number?
True
Is 282713 a pri